20))/(-1 - 26/(-20)). Is x(u) a composite number?
False
Let n(q) = -813*q + 38. Is n(-5) a prime number?
False
Suppose 3*w + 1061 - 9812 = 0. Let u = w + -1548. Let a = -972 + u. Is a prime?
True
Let j be (2 + (-6 - -8))*(-1 - -759). Suppose 0 = -12*g + 20*g - j. Is g a prime number?
True
Let o(k) be the second derivative of 5*k**3/3 - 27*k**2/2 - 2*k. Is o(11) composite?
False
Suppose 2*d - 682 = 172. Let r = d - 129. Is r composite?
True
Suppose -42 = -2*x - 6. Let l be 688/18 - 4/x. Suppose 2*w + 95 = 5*i, -3*i - 3*w + l = -i. Is i a prime number?
True
Let q(u) = u**3 + 10*u**2 + 3*u + 9. Suppose 0 = n + 3, -d + 2*d - n - 4 = 0. Let b be -2 - 1 - 5/d. Is q(b) prime?
True
Suppose -11*f = 20*f - 674839. Is f a composite number?
True
Let c(f) = f**2 - 9*f - 13. Let s = -69 - -105. Suppose 5*a = 2*q - 7 - s, -2*a = q + 19. Is c(a) composite?
False
Let w be 1 - 419 - (-3 - 1). Let o = 1057 - w. Is o a composite number?
False
Suppose -37*j + 36*j = 5685. Let y = -3815 - j. Suppose -5*m + 1285 = -y. Is m a composite number?
False
Let l(m) = 97*m - 739. Is l(54) composite?
True
Suppose -4*q + 6*q - 6 = 0. Let s(u) = 2 - 2 - 3 - 1 + 61*u. Is s(q) a composite number?
False
Let x(z) = 1694*z**2 - z - 5. Is x(-6) composite?
True
Suppose -24*y - 101049 = -27*y. Is y prime?
False
Let h = -12332 + 20845. Is h a composite number?
False
Let s = 337 - 852. Let h = -264 - s. Let c = -50 + h. Is c a prime number?
False
Suppose 4*l = -l + 73045. Suppose 6*b - l = -2*x + 3*b, 4*x = -4*b + 29208. Is x composite?
False
Let v be 4*(-2)/(-4) - -7. Suppose 4*o - 30 = -o + 5*u, 4*o + u = v. Let x(t) = 13*t - 2. Is x(o) prime?
True
Suppose 0 = 9*i - 20*i + 32285. Is i a composite number?
True
Let s(x) be the first derivative of 5*x**3/3 + 9*x**2 - 10*x - 19. Is s(17) a composite number?
False
Suppose -5*q + m - 3*m = -30, q - 4*m - 6 = 0. Suppose -5*n = 2*o - 23, 7 = 2*n - 3*o - q. Suppose -4*f + n*y + 281 = 0, f - 5*y = 29 + 30. Is f prime?
False
Let z = 2 - 2. Is (1/((-2)/353) - z)*-14 composite?
True
Let w(l) = -l**3 + 18*l**2 - 36*l + 20. Is w(13) prime?
True
Is ((-20)/(-25))/(20/46450) composite?
True
Is 36/24 + (-574)/(-4) a composite number?
True
Suppose 5*v = 5*s + 60, 57 = -4*s - 4*v - v. Let h = -8 - s. Suppose 4*a = -h*c + 45, 3*c = 2*a + a + 27. Is c a composite number?
True
Let w(i) = -64*i**3 + i. Let v(p) = 2*p**2 + 10*p - 1. Let m be v(-5). Let z be w(m). Let t = z - -16. Is t composite?
False
Let s(y) = y**3 - 5*y**2 - 5*y + 1. Let a be s(6). Suppose -12 = a*p - 4*p. Let i = p + 6. Is i composite?
False
Let p = -12518 + 18101. Is p a composite number?
True
Suppose 0*x + 19 = 3*x + 4*p, 0 = x + 2*p - 7. Suppose x*z - 2330 = -5*j, -4*z + 939 = 2*j - 9*z. Is j a prime number?
True
Let h be (504/98)/((-3)/(-9142)). Suppose 2*c - h = -6*c. Is c composite?
True
Suppose 9*a - 2*y + 59824 = 11*a, -5*y - 25 = 0. Is a prime?
True
Suppose -20*l + 6062 = -18*l. Is l a prime number?
False
Let s(c) = 60*c**3 + 36*c**2 - 35*c + 2. Is s(11) composite?
False
Let k = 108 - 109. Is 0 - (-2)/k - (-6 - 2199) prime?
True
Suppose -846 = -z + 1478. Suppose -3*p + 7*p - z = 0. Is p composite?
True
Let s = -15 - -4. Let n(o) = -o - 7. Let b be n(s). Suppose b = 5*j - 1, -c + 8 = 5*j. Is c a composite number?
False
Let n(p) = -p**2 + 4*p - 3. Let q be n(3). Suppose 120 = -2*r + 3*r - i, q = 3*r + 5*i - 368. Is r composite?
True
Let q(n) = 230*n + 5. Let y be q(7). Let j = -153 + 148. Is -1*1/(j/y) a prime number?
False
Let a(o) = o**3 - 50*o**2 + 72*o + 11. Is a(50) a prime number?
False
Is -6 + (6 - -126) + 1 prime?
True
Let b(d) = -d**2 + 7*d - 6. Let a be b(7). Let g = -4 - a. Is 2 + 50 + (g - 1) a prime number?
True
Let p be (-286)/(-6)*(-330)/(-11). Is 1/1 - p/(-13) composite?
True
Let d = 1861 - 1228. Let v be 3 + 969 + (-4 - -2). Let q = v - d. Is q prime?
True
Let y(x) = 363*x - 5. Let o be y(-5). Let n be (0 + -3)*(-6)/(-9). Is o/n - (5 + -2) composite?
False
Suppose -82710 = -17*b - b. Is b prime?
False
Let h(y) = 21843*y**2 + 15*y - 1. Is h(1) a prime number?
False
Suppose -484 = o + 349. Let w = -468 - o. Is w composite?
True
Suppose 0 = -2*b - 2 + 20. Let y(r) = -22 + 16*r + 14*r - 18*r. Is y(b) a prime number?
False
Let j = 5565 + 994. Is j a prime number?
False
Let k = 131000 - 93181. Is k a prime number?
False
Suppose -192 + 7200 = -6*y. Let d = y - -1845. Is d prime?
True
Suppose -b = 2*b + 5*y - 28, -y = 5*b - 76. Suppose -r = -3*g - 12, -b = 4*r - 3*r + 4*g. Suppose 627 = 3*z - r*z. Is z prime?
False
Let a(g) = g - 100. Let b be a(0). Let s = b - -347. Is s composite?
True
Suppose -979 = -v - 5*w, -3*v + v + w = -2002. Let m = 1421 - v. Is m prime?
False
Let x(n) be the third derivative of n**6/120 + 2*n**5/15 + 11*n**4/24 - n**3/2 - 2*n**2. Let u be x(-6). Suppose -3*i - 4 + 70 = u*k, 0 = 2*i + 8. Is k prime?
False
Let g = 30192 + 110869. Is g a prime number?
True
Suppose 2*n = -p - 5, 0 = -5*p + n + 2*n - 90. Is (-12)/(-9) - 2725/p a prime number?
False
Let b(d) = -18*d**2 - 10*d**2 - 16*d**2 - 29 - 37*d - 2*d**3. Is b(-24) a prime number?
True
Let t = 185 + -132. Is t composite?
False
Let s(n) = n**3 - 5*n**2 + 8*n - 9. Suppose -x - 1 + 6 = 0. Is s(x) a prime number?
True
Suppose -3*y + 3*p + 68 + 52 = 0, -2*y - 4*p = -68. Suppose 0 = 7*m + 10 - y. Suppose -2*o + 437 = 5*s, -s = -0*o - m*o - 105. Is s a prime number?
True
Let y(w) = -w**3 - 8*w**2 + 6*w - 2. Let b(v) = -v + 1. Let s(t) = -3*b(t) - y(t). Is s(-7) composite?
True
Suppose 5*s - 4*p - 33825 = 0, 0*s - 2*p = -5*s + 33815. Is s a prime number?
True
Let c(y) = -162*y**3 + 4*y**2 + y + 3. Let u be c(-3). Let o = u - 1939. Is o a composite number?
True
Let h = 1428 - 863. Is h prime?
False
Let i be 1*(3 + 4 + -3). Suppose -3*b + 1965 = -3*n, 4*b - n - 2620 = i*n. Is b a composite number?
True
Let c(y) = 4*y**2 - 3*y + 41. Is c(30) a prime number?
False
Let z = -18 + 12. Let g be (-15)/z - 5/10. Suppose j - g*y = -0*y + 192, 3*j + y = 611. Is j composite?
True
Suppose -44959 = 13*d - 713822. Is d a prime number?
False
Let a be (-2 + (-36)/(-10))*15. Let r(d) = -a*d - 29*d - 19*d + 12*d - 5. Is r(-5) a prime number?
False
Suppose 2*j + 2*v = 20808, -v = -4*j + 8*j - 41619. Is j composite?
True
Let z = 1829 + -3389. Let s = z + 2375. Is s a prime number?
False
Suppose -41*w = -68*w + 175878. Is w a composite number?
True
Is (482771/(-114) + (-4)/(-3))*-2 prime?
True
Let a(b) = -b**3 - b**2 + b - 1. Let i(g) = -g**3 + 8*g**2 - 3*g + 0*g**3 + 2 - g**3. Let v(n) = -a(n) - i(n). Is v(4) prime?
False
Let b(s) = s**2 + 11*s - 18. Let k be b(-13). Suppose -k = 3*h - h, 0 = 3*t - 4*h - 157. Is t composite?
False
Let l be 1 + (-6)/(-3) + 4. Suppose l*o - 2*o + f = 0, 2*o = 4*f. Suppose -2*x + x + 491 = o. Is x composite?
False
Suppose 5*f - 62 = 2*t, 0 = 4*t + 4*f - f + 150. Let g(d) = 37*d**2 - 3*d + 3. Let k be g(2). Let q = t + k. Is q prime?
True
Let k = 21854 - -3081. Is k composite?
True
Let i(h) = 184*h**2 + 1. Let f be i(-1). Let d be (52 - -2) + 1 + -1. Let b = f + d. Is b prime?
True
Suppose -2*k + 19 = -3*d, -7*d = -2*d + 3*k. Is (-422)/d*30/20 a composite number?
False
Let k(n) = n**2 + n. Let c(f) = 3*f**2 - 7*f - 3. Let z(w) = c(w) - 2*k(w). Is z(14) prime?
True
Let o = 53 - 73. Let l(s) = -s**3 - 17*s**2 + 39*s - 7. Is l(o) composite?
True
Suppose -712 = -d - d. Let q = 169 - d. Let p = 364 + q. Is p a prime number?
False
Let o(x) = 1 + 0 - 53*x - 3 + 182*x. Suppose 0 = -5*a + 3*a + 2. Is o(a) a composite number?
False
Is (2/(-3))/((-12)/12942) a prime number?
True
Let t(y) = 2*y**2 + 19*y - 19. Is t(-26) a composite number?
False
Let r(x) = 775*x - 2. Let o be r(3). Let f = -1554 + o. Is f a prime number?
True
Is 3030/(-3636) + 0 + 23003/6 a composite number?
False
Suppose 3*m = -3*d + 1407, 0 = 2*m - 5*d - 0*d - 903. Suppose -k = -6*k + 4*s + 3, 0 = -4*s + 12. Suppose -145 - m = -k*i. Is i a prime number?
False
Let k = -10 - 50. Let y = k - -166. Is y a prime number?
False
Let f(v) = 3*v. Let y be f(2). Let w be (4/y - 0)*51. Suppose 5*s + 4*d - w = 235, 5*s - d - 289 = 0. Is s a composite number?
True
Suppose 5*r = -2*r + 10143. Suppose 0 = -4*s + 1043 + r. Is s composite?
True
Suppose 0 = 3*j - 18. Is j/33 - (1 + (-13062)/33) composite?
True
Suppose 0 = f - 3*m + 43, -m = f + 2*m + 13. I